5*j + 76 - 79 + 5*j**3. Suppose -4*z = -o - 11, -2*z + z - 4 = 2*o. Calculate n(o).
-6
Let r(d) be the second derivative of -d**4/12 - 2*d**3 - 27*d**2/2 + 12*d - 107. What is r(-8)?
5
Let b(v) = 3*v. Suppose -4*f = 478 + 122. Let m = -152 - f. Calculate b(m).
-6
Let n(u) = -98*u + 11654. Let q be n(119). Let j(a) = -a**3 - 10*a**2 - 10*a - 19. What is j(q)?
-67
Let v(w) = -41*w**2 + 30*w - 84. Let f(g) = -8*g**2 + 2*g - 1. Let l(o) = -5*f(o) + v(o). Calculate l(14).
5
Suppose -1 = -2*t + 27. Let f(y) = 2*y**2 - 2*y + 3. Let o(j) = -j**3 - 5*j**2 + 34*j - 54. Let m(l) = 9*f(l) + o(l). What is m(t)?
1
Let t(c) = c + 5. Let b(y) = 11*y. Let m(f) = 3*f. Let g(x) = -2*b(x) + 7*m(x). Let s(a) = -3*g(a) - t(a). Calculate s(0).
-5
Suppose 365*j - 367*j + 8 = 0. Let z(x) = -4*x - 1 + 3*x + j + 1. What is z(8)?
-4
Let p(r) = -121*r - 9. Let i be p(0). Let c(y) = -y**3 - 8*y**2 + 12*y + 24. Determine c(i).
-3
Suppose 0 = -b - 4*b + 5. Let r(x) be the first derivative of 0*x - 1/2*x**2 + 26. Determine r(b).
-1
Let g(h) = 537*h - 1072*h + 5 + 89*h**3 - 10*h**2 + 536*h - 88*h**3. Suppose 15 + 21 = 4*t - 2*l, 0 = l - 2. Determine g(t).
15
Let m = 343 - 339. Let s(t) = 7 - 14 - 2 + t**3 - 3*t**2 - m*t + 6. What is s(4)?
-3
Let g = 82 + -69. Suppose 0 = g*j + 15*j + 140. Let b(w) = w**2 + 7*w + 6. Calculate b(j).
-4
Let t(z) = 9*z + 7 - 28 - 26 - 29 - 29 + 109. Let f be (3/(-3))/((-1)/3). What is t(f)?
31
Suppose 3*r - 41 = -17. Let g(j) = -5*j - 6*j + r + 2*j + 10*j. What is g(-2)?
6
Let v = -2 - -7. Let q(c) = 4*c**3 - 1604*c - 11*c**3 + 4*c**2 + 1605*c + 8 + 6*c**3 + 2. Determine q(v).
-10
Suppose 22 - 47 = q - 17. Let s(p) = -p**3 - 11*p**2 - 23*p - 3. Calculate s(q).
-11
Let u(i) = 11*i + 52. Suppose k - 2*s = -13, -5*k - 38 + 25 = 3*s. What is u(k)?
-3
Let j(k) be the third derivative of 0*k + 7/12*k**4 - k**2 + 142 + 1/6*k**3. Calculate j(-1).
-13
Let g(s) = 144 - 288 + 148 - s. Calculate g(9).
-5
Suppose 19*t - 11900 = -9*t. Let s = -426 + t. Let d(j) = -6*j - 1. What is d(s)?
5
Let w(u) = -u**3 - 15*u**2 - u + 18. Let n(k) = 3*k**3 + 29*k**2 + 2*k - 34. Let q be (-2*1)/((-11)/(-11)). Let l(g) = q*n(g) - 5*w(g). Determine l(17).
-5
Let u(s) = 4*s**2 - 48*s - 99. Let w(z) = -z**2 + 18*z. Let t(m) = -u(m) - 2*w(m). What is t(11)?
-11
Let h be (-34)/(-153) - (-264)/27. Let o(x) be the third derivative of x**5/60 - 5*x**4/12 - 11*x**3/6 - 2*x**2. Calculate o(h).
-11
Let r be -1*(-2 - (-8)/6)*-3. Let u(t) = -t**3 - 17*t**2 - 3*t + 5. Let c(j) = -4*j**3 - 73*j**2 - 11*j + 19. Let z(l) = r*c(l) + 9*u(l). What is z(-5)?
-18
Let s = 2555 - 2569. Let l(w) = 2*w - 24. What is l(s)?
-52
Let o(g) = -21*g**2 - 3*g - 1. Let w be 1 + 32/144*-9. What is o(w)?
-19
Let j(n) be the third derivative of n**5/60 + n**4/24 - 23*n**3/6 - 2*n**2 - 25. Let y be j(5). Let m(r) = 2*r - 9. Calculate m(y).
5
Let t(q) = -4*q - 66. Let k be t(-22). Suppose 0 = 4*f + 3 - 7, 5*v - 3*f = k. Let w(s) = 2*s - 7. What is w(v)?
3
Let a(z) be the third derivative of -z**5/60 - 7*z**4/24 - 5*z**3/6 + 2*z**2 + 11*z. Let y(r) = 47*r + 327. Let q be y(-7). Determine a(q).
5
Let z = 11905/17862 + 1/5954. Let b(m) be the second derivative of -m**2 + z*m**3 + 0 - 28*m - 1/12*m**4. Calculate b(3).
1
Let v(a) = -a**3 + 27*a**2 - 10*a - 6. Let g(h) = -h**3 + 30*h**2 - 10*h - 5. Let r(t) = 5*g(t) - 6*v(t). Determine r(11).
0
Let h(i) = 80*i + 115. Let k(t) = 151*t + 228. Let r(z) = -26*h(z) + 14*k(z). Calculate r(-6).
-2
Let m = -460 + 462. Let y(x) = -39*x**2 + 38*x**m - 16*x - 19 - 8. What is y(-14)?
1
Let z(w) be the first derivative of -w**5/60 - 3*w**4/8 - 2*w**3/3 - 44*w**2 + 58. Let n(r) be the second derivative of z(r). Give n(-8).
4
Let g(f) = 3*f**3 + 4*f**2 + 3*f. Let v be 93/(-62) + 9/2. Suppose 2*b - 1 = -i - v, -8 = 4*i - 5*b. What is g(i)?
-14
Let b(i) = 4*i - 14. Let t be b(6). Let j(s) = 3 + 9*s**2 + 55*s**2 - 65*s**2 + 10*s. Give j(t).
3
Let g be -5*((-2502)/(-695))/((-1)/(2/(-3))). Let s(q) = q**3 + 13*q**2 + 10*q + 11. What is s(g)?
35
Let m(z) = -40*z + 45 + z**2 + 23*z - 7 - 4. What is m(16)?
18
Let d(j) = -j**2 - 13*j + 80. Suppose 9*w - k - 8 = 7*w, k = 2. Determine d(w).
-10
Let f(z) = -45*z - 49. Let k(l) = -28*l - 32. Let y(x) = 5*f(x) - 8*k(x). What is y(-7)?
18
Let w be (-3)/(42/72 + (-4)/48). Let v(a) = a**3 + 7*a**2 + 5*a - 8. Calculate v(w).
-2
Let i be 23 + (12 - 147/12) + (-57)/12. Let f(u) = -u**2 + 18*u + 8. Calculate f(i).
8
Let u(s) = 24*s**2 + 1 + s**2 - 2. Let y = -4053 + 4052. Calculate u(y).
24
Let s(i) = -7*i - 4. Suppose -23*b + 144 = -40. Suppose 0 = b*h - 0*h + 32. What is s(h)?
24
Let p(y) = -6*y - 1. Let r(b) = -b**3 + 12*b**2 - 13*b + 25. Suppose -25 - 30 = -5*k. Let d be r(k). Suppose 0 = -d*w + 16 - 7. Determine p(w).
-19
Suppose 5*s = 2*s + 15. Suppose s*a - 3*k - 2 = 43, -18 = -2*a + 4*k. Let x(u) = -1 + a + 4 + 1 + 2*u. What is x(-9)?
-5
Let f(a) = -a**2 + 16*a - 25. Let x be f(11). Suppose 33*c = x*c + 6. Let h(d) = 6*d**2 - c - 6*d**2 + 3 - 3*d + 2*d**3 + 2*d**2. Determine h(2).
19
Let k(u) = 13*u**3 - 51*u**2 + 5*u - 42. Let i(c) = -5*c**3 + 17*c**2 - 2*c + 13. Let o(m) = -8*i(m) - 3*k(m). What is o(-17)?
5
Suppose -i - 15 = 3*c, 2 = -i - c - 5. Let n(z) be the third derivative of z**4/24 - z**3/6 + 37*z**2. Determine n(i).
-4
Let p(x) = -7*x - 74 + 29*x**2 + 31 - x**3 + 37 - 21*x**2. What is p(7)?
-6
Let r(x) = -9*x - 234. Suppose 24*w = -229 - 395. Calculate r(w).
0
Let u(j) = 1 - 4 + 1 + 1 + 24*j**2. Suppose 74*s - 24 = 98*s. Determine u(s).
23
Let l = 28526 + -28516. Let i(h) = -4*h**2 + 33*h + 19. Give i(l).
-51
Let a(v) = 2*v - 2*v - 2*v + 2 + v. Suppose -5*q = -0*z + z + 18, -4*z = -5*q - 53. Suppose -z*r + 11 = -24. Give a(r).
-3
Let o(m) = 39*m - 12893*m**2 + 25783*m**2 - 22 - 12889*m**2 - 154. Determine o(-43).
-4
Let h(z) be the second derivative of -z**6/120 + z**5/30 - z**4/12 - z**3/6 + 261*z**2/2 + 28*z. Let b(a) be the first derivative of h(a). Give b(3).
-16
Let s = 17 + -14. Let c(t) = 4 - t**s + 12*t**2 + 644*t - 644*t. Let x be c(12). Let j(l) = -l**2 + 3*l. Give j(x).
-4
Let c(b) = -16*b - 3 + 20 + b + 13*b + b. Calculate c(3).
14
Let b(a) = 28*a**3 + 13*a**2 + 4*a - 18. Let q(p) = -41*p**3 - 12*p**2 - 4*p + 18. Let u(y) = 3*b(y) + 2*q(y). Give u(-7).
3
Let h(w) = 22*w - 19. Let m(t) = -12*t + 11. Let x(c) = 3*h(c) + 5*m(c). Suppose 5*y - 108 = -4*u + 88, -4*u + y + 220 = 0. Let i = -52 + u. Give x(i).
10
Suppose 0 = -2*p - 5*w + 103, 3*w + 203 = 5*p - 132. Let f(a) = 55*a + 4*a**2 + 4*a**2 - p*a + 5 + a**3. Calculate f(-9).
5
Let o = -1 + -2. Let v(w) be the second derivative of -w**4/4 - 5*w**3/6 - 3*w**2/2 - 1075*w. Calculate v(o).
-15
Suppose -5*a + 2*t + 16 = -41, -5 = -a + 2*t. Suppose -j + a = -2*c, -5*c - 22 - 9 = -j. Let m(p) = 3*p - 4*p - 4 + 5*p**2 - 4*p + p**3. What is m(c)?
-10
Let m be 0*(4/((-40)/25) - -2). Let d be (-6)/18*m/(-2). Let v(f) = -f - 5. Calculate v(d).
-5
Let m be (8/8)/((-4)/(-8)). Let o(s) = -12*s**2 + 9*s - 14*s**m + 25*s**2. Calculate o(9).
0
Let b be (663/91 - 7) + 237/(-21). Let m(p) = -p**3 - 11*p**2 - 2*p - 15. Give m(b).
7
Suppose 36*k - 37*k + 48 = -3*f, -16 = 2*f + 2*k. Let j(u) = -2*u - 22. Calculate j(f).
6
Let n(j) = 2*j - 12. Let k(t) = -t - 2. Let l(q) = 2*q - 4. Let d(s) = -2*k(s) - 2*l(s). Let a(w) = -5*d(w) - 6*n(w). What is a(9)?
-6
Let y(c) = -13*c**2 - 208*c - 5. Let w be y(-16). Let p(h) = 2*h + 24. Calculate p(w).
14
Let f(k) = -50*k + 444. Let m be f(9). Let p(n) = n**3 + 7*n**2 + 4*n - 8. What is p(m)?
4
Let v = -115 + 177. Suppose 14*c - v = 22. Let r(p) = -p**3 + 7*p**2 - 7*p + 5. Calculate r(c).
-1
Let h(x) = x + 2. Suppose 6*z + 31 = 7. Let r be (1 + z + 3)/3. Let v be (1*(-1 - r))/((-3)/(-27)). Calculate h(v).
-7
Let n(a) = 15*a - 73 - 159 + 230. Give n(6).
88
Let y(m) = m**2 + 25*m + 34. Let s be y(-28). Let i = 112 - s. Let j(d) = -d**3 - 5*d**2 + 4*d. What is j(i)?
12
Let s(t) = t**3 - 10*t**2 + 26*t - 11. Let n be s(7). Suppose 57 + 87 = n*q. Let b(u) = u**2 - 7*u + 2. Give b(q).
-4
Let w = 419 + -429. Let c(d) = d**2 + 11*d - 13. Let z(n) = n**2 + 12*n - 13. Let h(r) = -4*c(r) + 3*z(r). Calculate h(w).
-7
Let g(c) be the third derivative of -c**6/120 + 2*c**5/15 + 2*c**3/3 + 9*c**2. Let y be 24/8 + (-1 - 100)*1. Let n be (-168)/y*28/6. What is g(n)?
4
Let r